12
Let x = -218 - -344. Let y(h) = -3*h + 5. Let l(z) = -z + 1. Let m(c) = -l(c) + y(c). Let i be m(-5). What is the highest common factor of i and x?
14
Let i = 139 - 69. What is the greatest common factor of i and 14?
14
Let d(v) = -23*v + 1. Let r be d(-3). What is the greatest common divisor of r and 20?
10
Let s(n) = n**3 + 22*n**2 + n + 62. Let k be s(-22). What is the highest common factor of 10 and k?
10
Let x(w) = -4*w - 5*w**2 + w**2 - 4 + 2*w + 16*w**2. Let d be 11/(-3) - (-2)/3. Let j be x(d). Calculate the highest common factor of j and 44.
22
Let b(p) = -26*p - 2. Let d(v) = -v**2 - 2*v - 1. Let u be d(0). Let h be b(u). Calculate the greatest common factor of h and 60.
12
Let c = -21 + 35. Let v be (1/(-1) - -1) + c. Let o be ((-196)/12)/(2/(-12)). Calculate the highest common factor of v and o.
14
Suppose 0 = s - 4*s + 12. Suppose -25 = -j - s*j. Suppose 2*v + j*d - 17 = 0, v - 3*d - 2 = d. Calculate the highest common factor of v and 15.
3
Suppose 3*n - 70 = -2*n. What is the greatest common divisor of n and 21?
7
Suppose 2*u + 6 + 6 = 0. Let a(n) = -11*n + 8. Let g be a(u). Let b = g - 34. Calculate the greatest common divisor of 16 and b.
8
Suppose 0 = 2*t - t - 25. Suppose -3*i - 14 = -2*n + 3, 0 = 5*i - t. Calculate the greatest common divisor of n and 16.
16
Suppose -68 - 52 = -4*t. Suppose 4*q - t = -q. Suppose 0 = -2*j - 6, -3*v - 2*j + 177 = -7*j. Calculate the highest common divisor of v and q.
6
Suppose 3*o - 4*o = 1, -4*g + 322 = -2*o. Let d = 9 - 27. Let u be 2030/63 - (-4)/d. What is the highest common divisor of u and g?
16
Let f = -6 + 7. Let j be 15 + f*(-6)/(-2). Suppose -5*m + m + 8 = 0. Calculate the greatest common divisor of j and m.
2
Suppose 32 = 3*a + 2. Suppose -a = 2*m - 46. Calculate the highest common factor of m and 144.
18
Suppose 23 = 3*w + 3*c - 43, -39 = -2*w - c. Calculate the highest common divisor of 85 and w.
17
Let x(q) = -q. Let m be x(0). Let n(s) = -s + 1. Let g be n(m). What is the greatest common divisor of g and 9?
1
Suppose 4*z + 22 = -138. Let k = 64 + z. Suppose 4*l + 4*y = 16, 0 = 3*l - 2*y - 4 - 3. What is the greatest common divisor of l and k?
3
Suppose -5*g + 4*g + 95 = 0. What is the greatest common factor of 38 and g?
19
Let u(s) = -4*s - 12. Let g be u(-10). What is the highest common divisor of g and 7?
7
Let i(h) = -2*h - 8. Let n be i(-10). Calculate the greatest common divisor of 2 and n.
2
Let v = 96 + -138. Let n be 1*v*3/(-6). Calculate the greatest common factor of 147 and n.
21
Suppose 2*c + 11 = 3*p + 33, 3*c = 2*p + 33. What is the greatest common factor of c and 11?
11
Let b = 101 + -59. Calculate the greatest common factor of 6 and b.
6
Let k(y) = -44*y**3 - 2*y**2 - 3*y + 2. Let i be k(-2). What is the highest common divisor of 32 and i?
32
Let c(a) = a**3 + 8*a**2 + 8*a - 4. Let s be c(-6). Let b be (0 - -1)/((-2)/(-20)). What is the greatest common divisor of b and s?
10
Let r(b) be the third derivative of 7*b**5/30 - b**4/24 + b**3/6 - b**2. Let i be r(2). Let h = 53 - 31. Calculate the greatest common factor of i and h.
11
Let d(m) = m**2 + m - 1. Let v be d(-3). Suppose -1 = -q, v*z - 2*q + 6*q = 54. What is the highest common factor of z and 5?
5
Suppose -6*c + 5*c = -54. Calculate the highest common factor of 36 and c.
18
Let m be 6*(-80)/(-6 - -4). Calculate the highest common factor of m and 15.
15
Let t be 36/(-15)*(-40)/12. What is the highest common divisor of 16 and t?
8
Suppose 3*q - 5*z + 22 = 4*q, 0 = 4*q - 5*z + 12. Let x(w) = w**3 + 5*w**2 - 6*w + 5. Let i be x(-6). Calculate the greatest common factor of i and q.
1
Let k = 81 - 75. Calculate the highest common factor of 2 and k.
2
Let f(v) = -v**2 - 8*v + 17. Let m be f(-7). Calculate the highest common factor of 16 and m.
8
Let x be 1 + 14/4*2. Suppose 39 = -5*n + 159. Calculate the highest common divisor of x and n.
8
Let t = 7 + -35. Let v be 4/10 - t/5. Suppose -22*g = -24*g + 18. Calculate the greatest common divisor of v and g.
3
Let v be (-108)/(-14) - (-8)/28. Let b be 379/((1 + -2)*-1). Suppose -5*f = -b + 99. What is the highest common factor of v and f?
8
Suppose -4*t + 67 = 5*r, -4*r = -t + 2*t - 47. Suppose -4*a + 45 = 3*z, 2*z - 6*z = -a - 41. What is the highest common divisor of z and r?
11
Suppose -3*p = -m - p - 6, -4*m + 3*p = 4. Let i be 12*(m + 10/(-8)). Calculate the greatest common divisor of 36 and i.
9
Let r = 162 + -159. What is the highest common divisor of r and 7?
1
Suppose -4*o + 250 = -g - 423, -500 = -3*o - 4*g. What is the greatest common factor of 21 and o?
21
Let p = -101 + 128. What is the greatest common divisor of p and 297?
27
Let d(o) = -o**2 - 13*o - 5. Let z be d(-12). What is the greatest common factor of 7 and z?
7
Let h(m) = -m**3 + 10*m**2 - 15*m + 12. Let a be h(8). Calculate the greatest common divisor of a and 2.
2
Let g be -6*(12/8 - 2). What is the highest common divisor of 15 and g?
3
Suppose 0 = -o - 19 + 55. What is the highest common factor of o and 8?
4
Let v = 5 + -3. Let c(l) = l**3 - l**2 - l + 1. Let q be c(v). Suppose -2*n + 16 = u - 40, 2*u - 82 = -q*n. What is the highest common factor of 3 and n?
3
Let r = 42 - -13. What is the highest common divisor of 5 and r?
5
Let n(h) = 6*h**3 - h**2 + h. Let f be n(1). Suppose 3 = 3*i + 5*y, 4*i + 2 - f = y. Suppose 0 = -5*b + 4 + i. Calculate the greatest common divisor of b and 1.
1
Let x be (-12)/28 + 744/21. What is the greatest common divisor of x and 7?
7
Suppose 0 = 2*s - 72 - 36. Let x be -2 + (-11)/((-55)/100). What is the greatest common divisor of s and x?
18
Let p(q) = -q**3 - 6*q**2 + 5*q - 1. Let d be p(-7). Suppose -4*r + d = -7. Calculate the highest common factor of r and 5.
5
Let d be 4/3 + 4/6. Suppose -2*v - d*v = 0. Suppose 3*t - 9 = v, -51 = -5*q - 4*t + 2*t. What is the greatest common factor of 36 and q?
9
Let t(f) = -4*f**2 - 3*f + 2. Let q(s) = -s**2 + s - 1. Let l(z) = 3*q(z) - t(z). Let a be l(-7). Calculate the highest common divisor of a and 3.
1
Suppose -p + 2 = -1. Let m be (p - -1)*(-5 + 6). What is the greatest common factor of 4 and m?
4
Suppose i - 11 = -8. What is the greatest common factor of 2 and i?
1
Let u = -6 - -14. Let f be 22/u + 3/12. Suppose 0 = -6*n + 2*n - f*v + 78, -3*n + v + 65 = 0. What is the highest common factor of 63 and n?
21
Suppose 36 = 2*s - 0*s - w, -3*w - 12 = 0. Calculate the greatest common factor of 2 and s.
2
Let f be ((-45)/10)/1*-2. What is the highest common factor of 18 and f?
9
Suppose -4*t - 4*z = -468, -58 = -t - 4*z + 74. What is the highest common divisor of 28 and t?
28
Let g(w) = w + 5. Let u be g(-7). Let t be 1 + u + 53 - -3. Calculate the greatest common factor of t and 22.
11
Let h be 7*(3*10 - 3). What is the greatest common factor of 27 and h?
27
Suppose 0 = -n + 4*l + 132 - 0, 4*l = -2*n + 324. What is the highest common factor of n and 19?
19
Let f be -4 + ((-40)/(-30))/(1/30). Let j be ((-9)/(-2))/(3/6). What is the greatest common factor of j and f?
9
Let o be 2*10/8*(7 - 5). Calculate the highest common factor of 85 and o.
5
Let m(w) = w**2 + 5*w + 4. Let a be m(-5). Suppose a*t = 2*t. Suppose -200 = -2*k - t*k. What is the highest common divisor of k and 10?
10
Let j = -64 - -192. Suppose 2*w - 132 - j = 0. What is the greatest common factor of w and 13?
13
Let u(l) = -23*l**2. Let y be u(1). Let s be 9/(-9) - 1*y. What is the greatest common divisor of s and 55?
11
Suppose 3*u - 24 = -3*q, -q - 6*u + 16 = -3*u. Let n(c) = -c**3 + 5*c**2 - 4*c + 4. Let v be n(q). What is the greatest common factor of v and 16?
4
Suppose 6 = 5*o - 9. Suppose -d - 40 = -o*d. Calculate the greatest common divisor of d and 5.
5
Let w(s) = -2*s + 15. Let o be w(-10). Let g = -24 + o. What is the greatest common factor of 11 and g?
11
Let r(g) = g**2 + g - 8. Let y be r(-8). Let u = -1 - -5. Suppose -2*a - 22 = -u*m, -5*m + 7 + 24 = a. What is the highest common factor of y and m?
6
Let c = 3 + 0. Let v(a) = 6*a. Let g be v(c). Let p = 387 - 261. Calculate the greatest common factor of g and p.
18
Let b(v) = -5*v**2 + 6*v + 3*v**2 - 4 + 2*v**2 - v**2. Let l be b(3). What is the greatest common factor of 15 and l?
5
Suppose 3*y = 4*i - 73, -2*i + 36 + 7 = 5*y. What is the highest common factor of i and 133?
19
Let q(x) 